eatest common factor of 18 and 33.
3
What is the highest common divisor of 162 and 24?
6
Calculate the highest common factor of 3 and 114.
3
What is the greatest common factor of 18 and 7173?
9
What is the greatest common factor of 486 and 612?
18
Calculate the highest common factor of 55 and 85.
5
What is the greatest common factor of 280 and 56?
56
Calculate the greatest common factor of 24 and 8328.
24
Calculate the highest common factor of 6045 and 93.
93
Calculate the highest common factor of 1554 and 63.
21
Calculate the highest common divisor of 9462 and 3.
3
Calculate the highest common divisor of 49 and 315.
7
Calculate the greatest common divisor of 3825 and 306.
153
Calculate the greatest common factor of 399 and 21.
21
What is the highest common factor of 3743 and 57?
19
Calculate the highest common divisor of 216 and 810.
54
What is the greatest common factor of 99 and 55?
11
Calculate the highest common factor of 11 and 30019.
11
What is the greatest common divisor of 315 and 3255?
105
What is the greatest common factor of 18 and 14886?
18
Calculate the greatest common factor of 72 and 828.
36
What is the greatest common factor of 645 and 15?
15
Calculate the greatest common factor of 238 and 350.
14
Calculate the highest common divisor of 297 and 1.
1
Calculate the highest common factor of 114 and 1083.
57
Calculate the greatest common factor of 5 and 169.
1
What is the highest common factor of 4633 and 113?
113
Calculate the highest common divisor of 16014 and 102.
102
What is the highest common divisor of 266 and 26?
2
Calculate the greatest common factor of 4158 and 22.
22
What is the greatest common factor of 60 and 4710?
30
Calculate the highest common factor of 364 and 35.
7
What is the highest common divisor of 168 and 6840?
24
What is the highest common factor of 210 and 90?
30
Calculate the greatest common factor of 198 and 242.
22
What is the greatest common factor of 35 and 25?
5
Calculate the greatest common factor of 16021 and 37.
37
Calculate the highest common factor of 16 and 28.
4
Calculate the highest common factor of 66 and 42.
6
Calculate the greatest common factor of 128 and 96.
32
Calculate the greatest common factor of 490 and 70.
70
What is the highest common divisor of 53 and 2544?
53
What is the highest common factor of 465 and 1488?
93
What is the highest common factor of 119 and 357?
119
Calculate the highest common factor of 88 and 220.
44
What is the highest common divisor of 4437 and 2349?
261
What is the highest common factor of 53 and 12667?
53
What is the greatest common divisor of 2552 and 88?
88
What is the highest common factor of 87 and 57507?
87
Calculate the highest common factor of 47 and 9.
1
What is the highest common factor of 9 and 1521?
9
Calculate the highest common divisor of 81 and 1773.
9
What is the highest common factor of 20 and 64?
4
Calculate the highest common factor of 6 and 49020.
6
What is the highest common divisor of 1075 and 100?
25
Calculate the greatest common factor of 132 and 88.
44
What is the highest common factor of 742 and 28?
14
Calculate the greatest common divisor of 6665 and 310.
155
What is the highest common divisor of 9 and 228?
3
Calculate the greatest common factor of 80 and 60.
20
Calculate the highest common factor of 28 and 1988.
28
Calculate the highest common factor of 50 and 180.
10
Calculate the greatest common factor of 39 and 2041.
13
What is the highest common divisor of 12 and 348?
12
Calculate the greatest common divisor of 87 and 435.
87
Calculate the highest common divisor of 39427 and 89.
89
What is the greatest common divisor of 54 and 1917?
27
Calculate the highest common factor of 2 and 71.
1
Calculate the greatest common factor of 2392 and 260.
52
Calculate the greatest common divisor of 108 and 288.
36
What is the greatest common factor of 292 and 219?
73
Calculate the greatest common factor of 8460 and 180.
180
Calculate the greatest common factor of 986 and 290.
58
Calculate the highest common divisor of 297 and 729.
27
Calculate the greatest common divisor of 16 and 564.
4
Calculate the greatest common factor of 1519 and 124.
31
What is the highest common divisor of 208 and 784?
16
What is the highest common divisor of 8 and 976?
8
What is the highest common factor of 135 and 30?
15
What is the greatest common divisor of 16904 and 16?
8
What is the highest common divisor of 8 and 216?
8
Calculate the highest common factor of 92 and 736.
92
Calculate the highest common factor of 791 and 133.
7
What is the highest common factor of 1924 and 390?
26
Calculate the greatest common factor of 994 and 1562.
142
Calculate the highest common divisor of 57 and 17.
1
Calculate the highest common divisor of 9 and 15.
3
Calculate the greatest common divisor of 6 and 534.
6
What is the highest common divisor of 79832 and 136?
136
Calculate the highest common divisor of 42 and 70.
14
What is the highest common factor of 2227 and 221?
17
What is the highest common factor of 6498 and 570?
114
Calculate the highest common divisor of 1808 and 80.
16
What is the greatest common factor of 144 and 1584?
144
Calculate the highest common factor of 5145 and 210.
105
Calculate the highest common factor of 15 and 795.
15
Calculate the greatest common divisor of 1683 and 363.
33
What is the highest common factor of 209 and 19?
19
What is the greatest common factor of 47 and 47?
47
What is the greatest common divisor of 148 and 148?
148
Calculate the highest common divisor of 135 and 1593.
27
Calculate the highest common factor of 92 and 414.
46
What is the greatest common factor of 68 and 10778?
34
Calculate the highest common factor of 5 and 485.
5
What is the greatest common divisor of 9 and 2?
1
Calculate the highest common factor of 120 and 45.
15
Calculate the highest common divisor of 200 and 1550.
50
What is the greatest common factor of 8642 and 2682?
298
Calculate the highest common divisor of 105 and 189.
21
What is the highest common divisor of 93474 and 162?
162
Calculate the greatest common divisor of 4498 and 182.
26
Calculate the greatest common divisor of 816 and 6256.
272
What is the highest common divisor of 2252 and 8?
4
Calculate the greatest common factor of 49 and 28.
7
Calculate the highest common factor of 91 and 203.
7
What is the greatest common divisor of 3213 and 84?
21
What is the greatest common divisor of 2639 and 546?
91
What is the highest common divisor of 3 and 111?
3
Calculate the highest common divisor of 15880 and 60.
20
What is the highest common factor of 4715 and 115?
115
Calculate the highest common factor of 42 and 462.
42
Calculate the highest common divisor of 795 and 106.
53
What is the greatest common factor of 10 and 395?
5
What is the greatest common divisor of 405 and 270?
135
Calculate the greatest common factor of 21 and 987.
21
Calculate the highest common divisor of 40 and 8440.
40
Calculate the highest common divisor of 22 and 15510.
22
Calculate the highest common divisor of 8742 and 1302.
186
Calculate the greatest common divisor of 36 and 2853.
9
What is the highest common divisor of 975 and 40?
5
Calculate the highest common divisor of 774 and 344.
86
What is the greatest common divisor of 10 and 1132?
2
Calculate the highest common factor of 14 and 16926.
14
Calculate the greatest common factor of 1479 and 51.
51
What is the highest common divisor of 231 and 42?
21
What is the highest common factor of 126 and 246?
6
Calculate the highest common factor of 3 and 402.
3
What is the highest common divisor of 3 and 798?
3
What is the highest common divisor of 36 and 2832?
12
What is the highest common factor of 81 and 702?
27
Calculate the highest common divisor of 16 and 8972.
4
What is the greatest common factor of 602 and 258?
86
Calculate the greatest common divisor of 703 and 19.
19
What is the greatest common factor of 20 and 15?
5
What is the highest common divisor of 36 and 81?
9
What is the highest common divisor of 208 and 117?
13
What is the greatest common divisor of 178 and 2?
2
Calculate the highest common factor of 100 and 116.
4
Calculate the highest common factor of 558 and 504.
18
What is the greatest common divisor of 6538 and 14?
14
What is the greatest common divisor of 1346 and